{"id":12382,"date":"2019-11-16T12:23:43","date_gmt":"2019-11-16T12:23:43","guid":{"rendered":"https:\/\/mallforneeds.com\/index.php\/product\/samsung-galaxy-s20-24-months-warranty\/"},"modified":"2025-09-18T18:43:54","modified_gmt":"2025-09-18T17:43:54","slug":"samsung-galaxy-s20-24-months-warranty","status":"publish","type":"product","link":"https:\/\/mallforneeds.com\/index.php\/product\/samsung-galaxy-s20-24-months-warranty\/","title":{"rendered":"Samsung Galaxy S20+ Plus 24 Months Warranty"},"content":{"rendered":"<div class=\"content-reference reference parbase aem-GridColumn aem-GridColumn--default--12\">\n<div class=\"cq-dd-paragraph\">\n<div class=\"responsivegrid\">\n<div class=\"aem-Grid aem-Grid--12 aem-Grid--default--12 \">\n<section class=\"header-text-block section aem-GridColumn aem-GridColumn--default--12\">\n<section id=\"benefits\" class=\"section-marker\">\n<div class=\"container\">\n<div class=\"textBlock-wrapper header-textBlock-wrapper--desktop textBlock-wrapper--dark-theme dark-theme \">\n<h3 class=\"textBlock-wrapper__title type-h3\" role=\"heading\">So much screen, so little bezel<\/h3>\n<h3 class=\"textBlock-wrapper__desc type-p2\" role=\"presentation\">A nearly frameless Cinematic Infinity Display for more detail and clarity, more immersive and uninterrupted content, in a slim, balanced form.<\/h3>\n<\/div>\n<\/div>\n<\/section>\n<\/section>\n<section class=\"feature-benefit-full-bleed-image section aem-GridColumn aem-GridColumn--default--12\">\n<div class=\"container feature-benefit-full-bleed-image__container dark-theme \">\n<div class=\"feature-benefit-full-bleed-image__image-container\" data-vidtype=\"bc\" data-vidautoplay=\"N\" data-vidloop=\"N\">\n<p><img decoding=\"async\" class=\"feature-benefit-full-bleed-image__image-container__img lazyloaded ae-img\" title=\"So much screen, so little bezel\" src=\"https:\/\/image-us.samsung.com\/us\/smartphones\/galaxy-s10\/feature-benefits\/s10\/MB\/GEN_2E25o14d-2_InfinityDisplay_MB.jpg\" alt=\"So much screen, so little bezel\" data-src=\"https:\/\/image-us.samsung.com\/us\/smartphones\/galaxy-s10\/feature-benefits\/s10\/MB\/GEN_2E25o14d-2_InfinityDisplay_MB.jpg\" \/><\/p>\n<div class=\"feature-benefit-full-bleed-image__text-block top-center dark-theme top-center-mobile center\">\n<div class=\"feature-benefit-full-bleed-image__text-block__container has-cta\"><\/div>\n<\/div>\n<\/div>\n<\/div>\n<\/section>\n<section class=\"feature-benefit-full-bleed-image section aem-GridColumn aem-GridColumn--default--12\">\n<div class=\"container feature-benefit-full-bleed-image__container dark-theme \">\n<div class=\"feature-benefit-full-bleed-image__image-container\" data-vidtype=\"bc\" data-vidautoplay=\"N\" data-vidloop=\"N\">\n<p><img decoding=\"async\" class=\"feature-benefit-full-bleed-image__image-container__img lazyloaded ae-img\" src=\"https:\/\/image-us.samsung.com\/us\/smartphones\/galaxy-s10\/feature-benefits\/s10\/MB\/PDP_Fingerprint_720-MB.jpg\" alt=\"Protect and unlock with the first touch\" data-src=\"https:\/\/image-us.samsung.com\/us\/smartphones\/galaxy-s10\/feature-benefits\/s10\/MB\/PDP_Fingerprint_720-MB.jpg\" \/><\/p>\n<div class=\"feature-benefit-full-bleed-image__text-block middle-left dark-theme top-center-mobile center\">\n<h2 class=\"feature-benefit-full-bleed-image__text-block__title\" role=\"heading\">Protect and unlock with the first touch<\/h2>\n<h3 class=\"feature-benefit-full-bleed-image__text-block__description\" role=\"presentation\">With ultrasonic in-display fingerprint ID just tap your screen to unlock. The in-display sensor opens seamlessly with one hand in almost any light, rain or shine, even when you\u2019re cooking or working out.\u00b2<\/h3>\n<div class=\"feature-benefit-full-bleed-image__text-block__container has-cta\"><\/div>\n<\/div>\n<\/div>\n<\/div>\n<\/section>\n<section class=\"header-text-block section aem-GridColumn aem-GridColumn--default--12\">\n<section>\n<div class=\"container\">\n<div class=\"textBlock-wrapper header-textBlock-wrapper--desktop textBlock-wrapper--dark-theme dark-theme \">\n<h3 class=\"textBlock-wrapper__title type-h3\" role=\"heading\">A camera that sees what you see<\/h3>\n<\/div>\n<\/div>\n<\/section>\n<\/section>\n<section class=\"cm-g-content-carousel section aem-GridColumn aem-GridColumn--default--12\">\n<div class=\" container dark-theme \">\n<div class=\"cm-g-content-carousel__container container dark-theme\">\n<p><a class=\"ae-offscreen ae-accessible-carousel-link ae-exclude\" href=\"https:\/\/www.samsung.com\/us\/mobile\/phones\/galaxy-s\/galaxy-s10-plus-128gb-unlocked-sm-g975uzbaxaa\/#\" aria-label=\"Open an accessible version of this carousel\">Accessible Carousel<\/a><\/p>\n<div class=\"cm-g-content-carousel__container__slide-section slick-initialized slick-slider ae-carousel-original\" data-ae-carousel-index=\"0\">\n<div class=\"slick-list draggable\">\n<div class=\"slick-track\">\n<div class=\"cm-g-content-carousel__container__slide-section__slide slick-slide slick-current slick-center\" data-slick-index=\"0\" aria-hidden=\"true\">\n<div class=\"cm-g-content-carousel__container__slide-section__slide__image \" data-vidtype=\"bc\" data-vidautoplay=\"N\"><img class=\"lazyloaded ae-img\" alt=\"\" data-srcset=\"https:\/\/image-us.samsung.com\/us\/smartphones\/galaxy-s10\/feature-benefits\/s10e\/Content-carousel-component-01.jpg\" \/><\/div>\n<div class=\"cm-g-content-carousel__container__slide-section__slide__text center\">\n<h3 class=\"cm-g-content-carousel__container__slide-section__slide__text__title\">Pro-grade Camera effortlessly captured epic, pro-quality images of the world as you see it. A multi-perspective camera system emulates the sophistication of the human eye, adjusts view and focus, and intelligently applies settings to create incredible, true-to-life images. The S10\u2019s camera hardware automates dozens of functions to get gorgeous photos, without the need for the over-processing or blanket effects.<\/h3>\n<\/div>\n<\/div>\n<div class=\"cm-g-content-carousel__container__slide-section__slide slick-slide\" data-slick-index=\"1\" aria-hidden=\"true\">\n<div class=\"cm-g-content-carousel__container__slide-section__slide__image \" data-vidtype=\"bc\" data-vidautoplay=\"N\"><img class=\"lazyloaded ae-img\" alt=\"\" data-srcset=\"https:\/\/image-us.samsung.com\/\/us\/smartphones\/galaxy-s10\/feature-benefits\/s10e\/Content-carousel-component-02.jpg\" \/><\/div>\n<div class=\"cm-g-content-carousel__container__slide-section__slide__text center\">\n<h3 class=\"cm-g-content-carousel__container__slide-section__slide__text__title\">An intelligent camera assistant perceives what you\u2019re pointing at to help you frame up, and adjusts settings to get epic shots with a tap.<\/h3>\n<\/div>\n<\/div>\n<div class=\"cm-g-content-carousel__container__slide-section__slide slick-slide\" data-slick-index=\"2\" aria-hidden=\"true\">\n<div class=\"cm-g-content-carousel__container__slide-section__slide__image \" data-vidtype=\"bc\" data-vidautoplay=\"N\"><img class=\"lazyloaded ae-img\" alt=\"\" data-srcset=\"https:\/\/image-us.samsung.com\/us\/smartphones\/galaxy-s10\/feature-benefits\/s10plus\/Content-carousel-component-03.jpg\" \/><\/div>\n<div class=\"cm-g-content-carousel__container__slide-section__slide__text center\">\n<h3 class=\"cm-g-content-carousel__container__slide-section__slide__text__title\">Two front-facing lenses embedded in the Infinity Display deliver nuanced depth and beautiful portraits.\u2074<\/h3>\n<\/div>\n<\/div>\n<div class=\"cm-g-content-carousel__container__slide-section__slide slick-slide\" data-slick-index=\"3\" aria-hidden=\"true\">\n<div class=\"cm-g-content-carousel__container__slide-section__slide__image \" data-vidtype=\"bc\" data-vidautoplay=\"N\"><img class=\"lazyload ae-img\" alt=\"\" data-srcset=\"https:\/\/image-us.samsung.com\/us\/smartphones\/galaxy-s10plus\/feature-benefits\/s10e\/Content-carousel-component-02.jpg\" \/><\/div>\n<div class=\"cm-g-content-carousel__container__slide-section__slide__text center\">\n<h3 class=\"cm-g-content-carousel__container__slide-section__slide__text__title\">Adapts like the human eye for spectacular shots, day or night.\u00b3<\/h3>\n<\/div>\n<\/div>\n<\/div>\n<\/div>\n<\/div>\n<p>&nbsp;<\/p>\n<ul class=\"slick-dots slick-dots--samsung\">\n<li id=\"slick-slide30\" class=\"slick-active\" role=\"presentation\" aria-hidden=\"false\"><button class=\"ae-button\" role=\"button\" type=\"button\" data-role=\"none\" data-ae-blurbtype=\"button\" data-ae-form-field=\"true\">1<\/button><\/li>\n<li id=\"slick-slide31\" role=\"button\" aria-hidden=\"true\"><button class=\"ae-button\" role=\"button\" type=\"button\" data-role=\"none\" data-ae-blurbtype=\"button\" data-ae-form-field=\"true\">2<\/button><\/li>\n<li id=\"slick-slide32\" role=\"button\" aria-hidden=\"true\"><button class=\"ae-button\" role=\"button\" type=\"button\" data-role=\"none\" data-ae-blurbtype=\"button\" data-ae-form-field=\"true\">3<\/button><\/li>\n<li id=\"slick-slide33\" role=\"button\" aria-hidden=\"true\"><button class=\"ae-button\" role=\"button\" type=\"button\" data-role=\"none\" data-ae-blurbtype=\"button\" data-ae-form-field=\"true\">4<\/button><\/li>\n<\/ul>\n<\/div>\n<\/div>\n<\/section>\n<section class=\"header-text-block section aem-GridColumn aem-GridColumn--default--12\">\n<section>\n<div class=\"container\">\n<div class=\"textBlock-wrapper header-textBlock-wrapper--desktop textBlock-wrapper--dark-theme dark-theme \">\n<h3 class=\"textBlock-wrapper__title type-h3\" role=\"heading\">Power is yours to share.<\/h3>\n<h3 class=\"textBlock-wrapper__desc type-p2\" role=\"presentation\">Share your power \u2013 with a friend\u2019s phone or your own earbuds. Wireless PowerShare can boost energy to other devices wirelessly, just by placing them on the back of your Galaxy.<sup>1<\/sup><\/h3>\n<\/div>\n<\/div>\n<\/section>\n<\/section>\n<section class=\"feature-benefit-full-bleed-image section aem-GridColumn aem-GridColumn--default--12\">\n<div class=\"container feature-benefit-full-bleed-image__container dark-theme \">\n<div class=\"feature-benefit-full-bleed-image__image-container\" data-vidtype=\"bc\" data-vidautoplay=\"N\" data-vidloop=\"N\">\n<p><img decoding=\"async\" class=\"feature-benefit-full-bleed-image__image-container__img ae-img lazyloaded\" src=\"https:\/\/image-us.samsung.com\/us\/smartphones\/galaxy-s10\/feature-benefits\/s10\/MB\/MB_04_PERFORMANCE_02_Wireless-Power-Share_720.jpg\" alt=\"\" data-src=\"https:\/\/image-us.samsung.com\/us\/smartphones\/galaxy-s10\/feature-benefits\/s10\/MB\/MB_04_PERFORMANCE_02_Wireless-Power-Share_720.jpg\" \/><\/p>\n<div class=\"feature-benefit-full-bleed-image__text-block top-center dark-theme top-center-mobile center\">\n<div class=\"feature-benefit-full-bleed-image__text-block__container has-cta\"><\/div>\n<\/div>\n<\/div>\n<\/div>\n<\/section>\n<section class=\"header-text-block section aem-GridColumn aem-GridColumn--default--12\">\n<section>\n<div class=\"container\">\n<div class=\"textBlock-wrapper header-textBlock-wrapper--desktop textBlock-wrapper--white-theme white-theme \">\n<h3 class=\"textBlock-wrapper__title type-h3\" role=\"heading\">What&#8217;s in the box.<\/h3>\n<\/div>\n<\/div>\n<\/section>\n<\/section>\n<section class=\"feature-benefit-full-bleed-image section aem-GridColumn aem-GridColumn--default--12\">\n<div class=\"container feature-benefit-full-bleed-image__container white-theme \">\n<div class=\"feature-benefit-full-bleed-image__image-container\" data-vidtype=\"bc\" data-vidautoplay=\"N\" data-vidloop=\"N\">\n<p><img decoding=\"async\" class=\"feature-benefit-full-bleed-image__image-container__img ae-img lazyloaded\" src=\"https:\/\/image-us.samsung.com\/us\/smartphones\/galaxy-s10\/feature-benefits\/s10plus\/02_DESIGN_09_PACKAGE_B_720-MB-V2.jpg\" alt=\"\" data-src=\"https:\/\/image-us.samsung.com\/us\/smartphones\/galaxy-s10\/feature-benefits\/s10plus\/02_DESIGN_09_PACKAGE_B_720-MB-V2.jpg\" \/><\/p>\n<div class=\"feature-benefit-full-bleed-image__text-block top-center white-theme top-center-mobile center\">\n<div class=\"feature-benefit-full-bleed-image__text-block__container has-cta\"><\/div>\n<\/div>\n<\/div>\n<\/div>\n<\/section>\n<\/div>\n<\/div>\n<\/div>\n<\/div>\n<section class=\"product-specs section aem-GridColumn aem-GridColumn--default--12\">\n<div id=\"specs\" class=\"container-wrapper spec-highlights spec-highlights--3x2 section-marker\">\n<div class=\"shop-i18n__hide product-specs-i18n\"><\/div>\n<div class=\"container\">\n<div class=\"row\">\n<div class=\"spec-card\">\n<p><em><img decoding=\"async\" class=\"spec-card__img ae-img lazyloaded\" src=\"https:\/\/www.samsung.com\/us\/smg\/content\/dam\/IconLibrary\/ICONS__phone.svg\" alt=\"Cinematic Infinity Display\" data-src=\"\/us\/smg\/content\/dam\/IconLibrary\/ICONS__phone.svg\" \/><\/em><\/p>\n<div class=\"spec-card__description equalized\"><span class=\"type-p2\">Cinematic Infinity Display<\/span><\/div>\n<\/div>\n<div class=\"spec-card\">\n<p><em><img decoding=\"async\" class=\"spec-card__img ae-img lazyloaded\" src=\"https:\/\/www.samsung.com\/us\/smg\/content\/dam\/IconLibrary\/ICONS__fingerprint.svg\" alt=\"Ultrasonic Fingerprint ID\" data-src=\"\/us\/smg\/content\/dam\/IconLibrary\/ICONS__fingerprint.svg\" \/><\/em><\/p>\n<div class=\"spec-card__description equalized\"><span class=\"type-p2\">Ultrasonic Fingerprint ID<\/span><\/div>\n<\/div>\n<div class=\"spec-card\">\n<p><em><img decoding=\"async\" class=\"spec-card__img ae-img lazyloaded\" src=\"https:\/\/www.samsung.com\/us\/smg\/content\/dam\/IconLibrary\/ICONS__aperture.svg\" alt=\"Pro-grade Camera\" data-src=\"\/us\/smg\/content\/dam\/IconLibrary\/ICONS__aperture.svg\" \/><\/em><\/p>\n<div class=\"spec-card__description equalized\"><span class=\"type-p2\">Pro-grade Camera<\/span><\/div>\n<\/div>\n<div class=\"spec-card\">\n<p><em><img decoding=\"async\" class=\"spec-card__img ae-img lazyloaded\" src=\"https:\/\/www.samsung.com\/us\/smg\/content\/dam\/IconLibrary\/ICONS__share_battery.svg\" alt=\"Wireless Power Share\" data-src=\"\/us\/smg\/content\/dam\/IconLibrary\/ICONS__share_battery.svg \" \/><\/em><\/p>\n<div class=\"spec-card__description equalized\"><span class=\"type-p2\">Wireless Power Share<\/span><\/div>\n<\/div>\n<div class=\"spec-card\">\n<div class=\"spec-card__icon-text\"><em class=\"spec-card__icon-text__main\">4,100mAh<\/em><\/div>\n<div class=\"spec-card__description equalized\"><span class=\"type-p2\">All-day Intelligent Battery<\/span><\/div>\n<\/div>\n<div class=\"spec-card\">\n<p><em><img decoding=\"async\" class=\"spec-card__img ae-img lazyloaded\" src=\"https:\/\/www.samsung.com\/us\/smg\/content\/dam\/IconLibrary\/Bixby.svg\" alt=\"Bixby\" data-src=\"\/us\/smg\/content\/dam\/IconLibrary\/Bixby.svg\" \/><\/em><\/p>\n<div class=\"spec-card__description equalized\"><span class=\"type-p2\">Bixby<\/span><\/div>\n<\/div>\n<\/div>\n<\/div>\n<\/div>\n<\/section>\n","protected":false},"excerpt":{"rendered":"<h4><strong>Key Features<\/strong><\/h4>\n<p><strong>Display<\/strong>: 6.7-inch quad-HD AMOLED; 120Hz refresh rate<br \/>\n<strong>Processor<\/strong>: Octa-core (2\u00d72.73 GHz Mongoose M5 &amp; 2\u00d72.60 GHz Cortex-A76 &amp; 4\u00d72.0 GHz Cortex-A55) \u2013 Global<br \/>\n<strong>Storage<\/strong>: 128 GB \/ 8 GB RAM<br \/>\n<strong>Camera<\/strong>: Triple-lens: 12MP primary (<em>\u0192<\/em>\/1.8); 64MP telephoto with 3x hybrid optical zoom (<em>\u0192<\/em>\/2.0); 12MP ultrawide (<em>\u0192<\/em>\/2.2), 10MP (\u0192\/2.2)<br \/>\n<strong>Operating<\/strong>\u00a0<strong>System<\/strong>: Android 10; Samsung One UI<br \/>\n<strong>SIM<\/strong>: Dual SIM<br \/>\n<strong>Battery<\/strong>: Non-removable Li-Po 4000 mAh battery, Fast battery charging 25W<br \/>\n<strong>Network<\/strong>: GSM \/ CDMA \/ HSPA \/ EVDO \/ LTE<br \/>\nColor:<br \/>\n<strong>Other Features:<\/strong>\u00a03 Back Cameras and one with 64MP, Fingerprint (under display, ultrasonic), accelerometer, gyro, proximity, compass, baromete,<\/p>\n<p><strong>Enjoy 24 Months Warranty<\/strong><\/p>\n","protected":false},"featured_media":12383,"comment_status":"open","ping_status":"closed","template":"","meta":{"_joinchat":[]},"product_brand":[848],"product_cat":[564,449,939],"product_tag":[535,532],"class_list":{"0":"post-12382","1":"product","2":"type-product","3":"status-publish","4":"has-post-thumbnail","6":"product_brand-samsung","7":"product_cat-mobile-phones","8":"product_cat-phones-tablets","9":"product_cat-smartphones-mobile-phones","10":"product_tag-s10","11":"product_tag-samsung-galaxy","13":"first","14":"outofstock","15":"shipping-taxable","16":"purchasable","17":"product-type-simple"},"jetpack_sharing_enabled":true,"_links":{"self":[{"href":"https:\/\/mallforneeds.com\/index.php\/wp-json\/wp\/v2\/product\/12382","targetHints":{"allow":["GET"]}}],"collection":[{"href":"https:\/\/mallforneeds.com\/index.php\/wp-json\/wp\/v2\/product"}],"about":[{"href":"https:\/\/mallforneeds.com\/index.php\/wp-json\/wp\/v2\/types\/product"}],"replies":[{"embeddable":true,"href":"https:\/\/mallforneeds.com\/index.php\/wp-json\/wp\/v2\/comments?post=12382"}],"wp:featuredmedia":[{"embeddable":true,"href":"https:\/\/mallforneeds.com\/index.php\/wp-json\/wp\/v2\/media\/12383"}],"wp:attachment":[{"href":"https:\/\/mallforneeds.com\/index.php\/wp-json\/wp\/v2\/media?parent=12382"}],"wp:term":[{"taxonomy":"product_brand","embeddable":true,"href":"https:\/\/mallforneeds.com\/index.php\/wp-json\/wp\/v2\/product_brand?post=12382"},{"taxonomy":"product_cat","embeddable":true,"href":"https:\/\/mallforneeds.com\/index.php\/wp-json\/wp\/v2\/product_cat?post=12382"},{"taxonomy":"product_tag","embeddable":true,"href":"https:\/\/mallforneeds.com\/index.php\/wp-json\/wp\/v2\/product_tag?post=12382"}],"curies":[{"name":"wp","href":"https:\/\/api.w.org\/{rel}","templated":true}]}}