{"id":32293,"date":"2023-05-26T12:31:45","date_gmt":"2023-05-26T11:31:45","guid":{"rendered":"https:\/\/mallforneeds.com\/?post_type=product&#038;p=32293"},"modified":"2025-09-18T18:32:30","modified_gmt":"2025-09-18T17:32:30","slug":"freeyond-f9-2gb64gb","status":"publish","type":"product","link":"https:\/\/mallforneeds.com\/index.php\/product\/freeyond-f9-2gb64gb\/","title":{"rendered":"FREEYOND F9 2GB+64GB"},"content":{"rendered":"<h1>FREEYOND F9<\/h1>\n<div class=\"aps-group\">\n<h3 class=\"aps-group-title\">Network connection<\/h3>\n<table class=\"aps-specs-table\" width=\"747\" cellspacing=\"0\" cellpadding=\"0\">\n<tbody>\n<tr>\n<td class=\"aps-attr-title\"><span class=\"aps-attr-co\"><strong class=\"aps-term\">Technical<\/strong><\/span><\/td>\n<td class=\"aps-attr-value\"><span class=\"aps-1co\">GSM \/ HSPA \/ LTE<\/span><\/td>\n<\/tr>\n<tr>\n<td class=\"aps-attr-title\"><span class=\"aps-attr-co\"><strong class=\"aps-term\">Network 2G<\/strong><\/span><\/td>\n<td class=\"aps-attr-value\"><span class=\"aps-1co\">GSM 850 \/ 900 \/ 1800 \/ 1900 &#8211; SIM 1 SIM 2<\/span><\/td>\n<\/tr>\n<tr>\n<td class=\"aps-attr-title\"><span class=\"aps-attr-co\"><strong class=\"aps-term\">Network 3G<\/strong><\/span><\/td>\n<td class=\"aps-attr-value\"><span class=\"aps-1co\">HSDPA Bands 850 \/ 900 \/ 1900 \/ 2100<\/span><\/td>\n<\/tr>\n<tr>\n<td class=\"aps-attr-title\"><span class=\"aps-attr-co\"><strong class=\"aps-term\">Network 4G<\/strong><\/span><\/td>\n<td class=\"aps-attr-value\"><span class=\"aps-1co\">LTE bands 1, 3, 5, 7, 8, 20, 28, 38, 40, 41<\/span><\/td>\n<\/tr>\n<tr>\n<td class=\"aps-attr-title\"><span class=\"aps-attr-co\"><strong class=\"aps-term\">Network 5G<\/strong><\/span><\/td>\n<td class=\"aps-attr-value\"><span class=\"aps-1co\">No<\/span><\/td>\n<\/tr>\n<tr>\n<td class=\"aps-attr-title\"><span class=\"aps-attr-co\"><strong class=\"aps-term\">Speed<\/strong><\/span><\/td>\n<td class=\"aps-attr-value\"><span class=\"aps-1co\">HSPA 42.2\/5.76 Mbps, LTE Cat4 150\/50 Mbps<\/span><\/td>\n<\/tr>\n<tr>\n<td class=\"aps-attr-title\"><span class=\"aps-attr-co\"><strong class=\"aps-term\">GPRS\/EDGE<\/strong><\/span><\/td>\n<td class=\"aps-attr-value\"><\/td>\n<\/tr>\n<\/tbody>\n<\/table>\n<\/div>\n<div class=\"aps-group\">\n<h3 class=\"aps-group-title\">Phone body<\/h3>\n<table class=\"aps-specs-table\" cellspacing=\"0\" cellpadding=\"0\">\n<tbody>\n<tr>\n<td class=\"aps-attr-title\"><span class=\"aps-attr-co\"><strong class=\"aps-term\">Dimensions<\/strong><\/span><\/td>\n<td class=\"aps-attr-value\"><span class=\"aps-1co\">163 x 75.2 x 8.7 mm<\/span><\/td>\n<\/tr>\n<tr>\n<td class=\"aps-attr-title\"><span class=\"aps-attr-co\"><strong class=\"aps-term\">Weight<\/strong><\/span><\/td>\n<td class=\"aps-attr-value\"><span class=\"aps-1co\">185 g<\/span><\/td>\n<\/tr>\n<tr>\n<td class=\"aps-attr-title\"><span class=\"aps-attr-co\"><strong class=\"aps-term\">Raw materials<\/strong><\/span><\/td>\n<td class=\"aps-attr-value\"><span class=\"aps-1co\">Front windshield, plastic body<\/span><\/td>\n<\/tr>\n<tr>\n<td class=\"aps-attr-title\"><span class=\"aps-attr-co\"><strong class=\"aps-term\">Communication chip<\/strong><\/span><\/td>\n<td class=\"aps-attr-value\"><span class=\"aps-1co\">Dual Nano-SIM (ambos en modo de espera)<\/span><\/td>\n<\/tr>\n<tr>\n<td class=\"aps-attr-title\"><span class=\"aps-attr-co\"><strong class=\"aps-term\">Colors<\/strong><\/span><\/td>\n<td class=\"aps-attr-value\"><span class=\"aps-1co\">Blue, Grey, Green<\/span><\/td>\n<\/tr>\n<tr>\n<td class=\"aps-attr-title\"><span class=\"aps-attr-co\"><strong class=\"aps-term\">Sensor&#8217;s<\/strong><\/span><\/td>\n<td class=\"aps-attr-value\"><span class=\"aps-1co\">acceleration, proximity<\/span><\/td>\n<\/tr>\n<\/tbody>\n<\/table>\n<\/div>\n<div class=\"aps-group\">\n<h3 class=\"aps-group-title\">Battery information<\/h3>\n<table class=\"aps-specs-table\" width=\"764\" cellspacing=\"0\" cellpadding=\"0\">\n<tbody>\n<tr>\n<td class=\"aps-attr-title\"><span class=\"aps-attr-co\"><strong class=\"aps-term\">Battery<\/strong><\/span><\/td>\n<td class=\"aps-attr-value\"><span class=\"aps-1co\">5000 mAh, Non-removable Li-Polymer, 10W fast charging<\/span><\/td>\n<\/tr>\n<tr>\n<td class=\"aps-attr-title\"><span class=\"aps-attr-co\"><strong class=\"aps-term aps-tooltip\">Fast charging feature<\/strong><\/span><\/td>\n<td class=\"aps-attr-value\"><\/td>\n<\/tr>\n<\/tbody>\n<\/table>\n<\/div>\n<div class=\"aps-group\">\n<h3 class=\"aps-group-title\">Screen<\/h3>\n<table class=\"aps-specs-table\" width=\"768\" cellspacing=\"0\" cellpadding=\"0\">\n<tbody>\n<tr>\n<td class=\"aps-attr-title\"><span class=\"aps-attr-co\"><strong class=\"aps-term\">Type<\/strong><\/span><\/td>\n<td class=\"aps-attr-value\"><span class=\"aps-1co\">IPS LCD<\/span><\/td>\n<\/tr>\n<tr>\n<td class=\"aps-attr-title\"><span class=\"aps-attr-co\"><strong class=\"aps-term\">Size<\/strong><\/span><\/td>\n<td class=\"aps-attr-value\"><span class=\"aps-1co\">6,52 in\u00e7 (,8 ekran-g\u00f6vde oran\u0131)<\/span><\/td>\n<\/tr>\n<tr>\n<td class=\"aps-attr-title\"><span class=\"aps-attr-co\"><strong class=\"aps-term\">Accuracy<\/strong><\/span><\/td>\n<td class=\"aps-attr-value\"><span class=\"aps-1co\">720 x 1600 pixels, 20:9 ratio (269 ppi density)<\/span><\/td>\n<\/tr>\n<tr>\n<td class=\"aps-attr-title\"><span class=\"aps-attr-co\"><strong class=\"aps-term\">Multi-touch<\/strong><\/span><\/td>\n<td class=\"aps-attr-value\"><span class=\"aps-1co\">Yes<\/span><\/td>\n<\/tr>\n<\/tbody>\n<\/table>\n<\/div>\n<div class=\"aps-group\">\n<h3 class=\"aps-group-title\">Basic camera<\/h3>\n<table class=\"aps-specs-table\" width=\"765\" cellspacing=\"0\" cellpadding=\"0\">\n<tbody>\n<tr>\n<td class=\"aps-attr-title\"><span class=\"aps-attr-co\"><strong class=\"aps-term\">&#8211;<\/strong><\/span><\/td>\n<td class=\"aps-attr-value\"><span class=\"aps-1co\">Bilateral<\/span><\/td>\n<\/tr>\n<tr>\n<td class=\"aps-attr-title\"><span class=\"aps-attr-co\"><strong class=\"aps-term\">First<\/strong><\/span><\/td>\n<td class=\"aps-attr-value\"><span class=\"aps-1co\">13 MP, AF, f\/2.2 aperture<\/span><\/td>\n<\/tr>\n<tr>\n<td class=\"aps-attr-title\"><span class=\"aps-attr-co\"><strong class=\"aps-term\">Second<\/strong><\/span><\/td>\n<td class=\"aps-attr-value\"><span class=\"aps-1co\">2 MP, f\/2.4 aperture, macro<\/span><\/td>\n<\/tr>\n<tr>\n<td class=\"aps-attr-title\"><span class=\"aps-attr-co\"><strong class=\"aps-term\">Features<\/strong><\/span><\/td>\n<td class=\"aps-attr-value\"><span class=\"aps-1co\">Autofocus, continuous shooting, face detection, LED flash<\/span><\/td>\n<\/tr>\n<tr>\n<td class=\"aps-attr-title\"><span class=\"aps-attr-co\"><strong class=\"aps-term\">Video recording<\/strong><\/span><\/td>\n<td class=\"aps-attr-value\"><span class=\"aps-1co\">1080p@30fps<\/span><\/td>\n<\/tr>\n<\/tbody>\n<\/table>\n<\/div>\n<div class=\"aps-group\">\n<h3 class=\"aps-group-title\">Selfie camera<\/h3>\n<table class=\"aps-specs-table\" width=\"768\" cellspacing=\"0\" cellpadding=\"0\">\n<tbody>\n<tr>\n<td class=\"aps-attr-title\"><span class=\"aps-attr-co\"><strong class=\"aps-term\">&#8211;<\/strong><\/span><\/td>\n<td class=\"aps-attr-value\"><span class=\"aps-1co\">Una camara<\/span><\/td>\n<\/tr>\n<tr>\n<td class=\"aps-attr-title\"><span class=\"aps-attr-co\"><strong class=\"aps-term\">First<\/strong><\/span><\/td>\n<td class=\"aps-attr-value\"><span class=\"aps-1co\">8 megapixels<\/span><\/td>\n<\/tr>\n<tr>\n<td class=\"aps-attr-title\"><span class=\"aps-attr-co\"><strong class=\"aps-term\">Features<\/strong><\/span><\/td>\n<td class=\"aps-attr-value\"><span class=\"aps-1co\">Y\u00fcz g\u00fczelle\u015ftirme, Face-ID<\/span><\/td>\n<\/tr>\n<tr>\n<td class=\"aps-attr-title\"><span class=\"aps-attr-co\"><strong class=\"aps-term\">Video recording<\/strong><\/span><\/td>\n<td class=\"aps-attr-value\"><span class=\"aps-1co\">1080p@30fps<\/span><\/td>\n<\/tr>\n<\/tbody>\n<\/table>\n<\/div>\n<div class=\"aps-group\">\n<h3 class=\"aps-group-title\">Hardware information<\/h3>\n<table class=\"aps-specs-table\" width=\"771\" cellspacing=\"0\" cellpadding=\"0\">\n<tbody>\n<tr>\n<td class=\"aps-attr-title\"><span class=\"aps-attr-co\"><strong class=\"aps-term\">Operating system<\/strong><\/span><\/td>\n<td class=\"aps-attr-value\"><span class=\"aps-1co\">Android 12 (Go edition)<\/span><\/td>\n<\/tr>\n<tr>\n<td class=\"aps-attr-title\"><span class=\"aps-attr-co\"><strong class=\"aps-term\">Processor type<\/strong><\/span><\/td>\n<td class=\"aps-attr-value\"><span class=\"aps-1co\">Spread Trum UniSoC SC9863A1<\/span><\/td>\n<\/tr>\n<tr>\n<td class=\"aps-attr-title\"><span class=\"aps-attr-co\"><strong class=\"aps-term\">Processor speed<\/strong><\/span><\/td>\n<td class=\"aps-attr-value\"><span class=\"aps-1co\">Octa-core (4 x 1.6 GHz Cortex-A55 CPU and 4 x 1.2 GHz Cortex-A55)<\/span><\/td>\n<\/tr>\n<tr>\n<td class=\"aps-attr-title\"><span class=\"aps-attr-co\"><strong class=\"aps-term\">Graphical processor<\/strong><\/span><\/td>\n<td class=\"aps-attr-value\"><span class=\"aps-1co\">Powervar GE8322<\/span><\/td>\n<\/tr>\n<\/tbody>\n<\/table>\n<\/div>\n<div class=\"aps-group\">\n<h3 class=\"aps-group-title\">Interior spaces<\/h3>\n<table class=\"aps-specs-table\" cellspacing=\"0\" cellpadding=\"0\">\n<tbody>\n<tr>\n<td class=\"aps-attr-title\"><span class=\"aps-attr-co\"><strong class=\"aps-term\">Memory input<\/strong><\/span><\/td>\n<td class=\"aps-attr-value\"><span class=\"aps-1co\">microSD, external memory up to 128 GB<\/span><\/td>\n<\/tr>\n<tr>\n<td class=\"aps-attr-title\"><span class=\"aps-attr-co\"><strong class=\"aps-term\">Storage and Ram<\/strong><\/span><\/td>\n<td class=\"aps-attr-value\"><span class=\"aps-1co\">64 GB with 2 GB RAM &#8211; 128 GB with 3 GB RAM<\/span><\/td>\n<\/tr>\n<\/tbody>\n<\/table>\n<\/div>\n<div class=\"aps-group\">\n<h3 class=\"aps-group-title\">Sound<\/h3>\n<table class=\"aps-specs-table\" width=\"778\" cellspacing=\"0\" cellpadding=\"0\">\n<tbody>\n<tr>\n<td class=\"aps-attr-title\"><span class=\"aps-attr-co\"><strong class=\"aps-term\">Loudspeaker<\/strong><\/span><\/td>\n<td class=\"aps-attr-value\"><span class=\"aps-1co\">Yes<\/span><\/td>\n<\/tr>\n<tr>\n<td class=\"aps-attr-title\"><span class=\"aps-attr-co\"><strong class=\"aps-term\">3.5 mm jack for headphones<\/strong><\/span><\/td>\n<td class=\"aps-attr-value\"><span class=\"aps-1co\">Yes<\/span><\/td>\n<\/tr>\n<\/tbody>\n<\/table>\n<\/div>\n","protected":false},"excerpt":{"rendered":"<h1>FREEYOND F9<\/h1>\n<p>FreeYond F9 Smartphone with 64GB ROM, Android 12 Dual SIM, FHD + 6.52 Inch Display, 5000 mAh Battery, and Real Dual Camera 13+2+8MP. The UNISOC SC9863 processor is paired with 2GB of RAM and 64GB of internal storage. The model will be an excellent option for those who are accustomed to the Android 12 operating system, and it is currently available for purchase.<\/p>\n<p>&nbsp;<\/p>\n","protected":false},"featured_media":32294,"comment_status":"open","ping_status":"closed","template":"","meta":{"_joinchat":[]},"product_brand":[],"product_cat":[564,449,939],"product_tag":[],"class_list":{"0":"post-32293","1":"product","2":"type-product","3":"status-publish","4":"has-post-thumbnail","6":"product_cat-mobile-phones","7":"product_cat-phones-tablets","8":"product_cat-smartphones-mobile-phones","10":"first","11":"outofstock","12":"shipping-taxable","13":"purchasable","14":"product-type-simple"},"jetpack_sharing_enabled":true,"_links":{"self":[{"href":"https:\/\/mallforneeds.com\/index.php\/wp-json\/wp\/v2\/product\/32293","targetHints":{"allow":["GET"]}}],"collection":[{"href":"https:\/\/mallforneeds.com\/index.php\/wp-json\/wp\/v2\/product"}],"about":[{"href":"https:\/\/mallforneeds.com\/index.php\/wp-json\/wp\/v2\/types\/product"}],"replies":[{"embeddable":true,"href":"https:\/\/mallforneeds.com\/index.php\/wp-json\/wp\/v2\/comments?post=32293"}],"wp:featuredmedia":[{"embeddable":true,"href":"https:\/\/mallforneeds.com\/index.php\/wp-json\/wp\/v2\/media\/32294"}],"wp:attachment":[{"href":"https:\/\/mallforneeds.com\/index.php\/wp-json\/wp\/v2\/media?parent=32293"}],"wp:term":[{"taxonomy":"product_brand","embeddable":true,"href":"https:\/\/mallforneeds.com\/index.php\/wp-json\/wp\/v2\/product_brand?post=32293"},{"taxonomy":"product_cat","embeddable":true,"href":"https:\/\/mallforneeds.com\/index.php\/wp-json\/wp\/v2\/product_cat?post=32293"},{"taxonomy":"product_tag","embeddable":true,"href":"https:\/\/mallforneeds.com\/index.php\/wp-json\/wp\/v2\/product_tag?post=32293"}],"curies":[{"name":"wp","href":"https:\/\/api.w.org\/{rel}","templated":true}]}}